740. Let m(g) = -13*g**2 + 5*g - 7. Let u be m(2). Let w = u + t. What is the units digit of w?
9
Let j = 5088 + -289. What is the tens digit of j?
9
Suppose 0 = 4*y - 2*o + 3634, -6*y + 7*y - 2*o + 916 = 0. What is the units digit of y/(-14) - (-84)/294?
5
Let s(t) = -t**3 + t**2 - t - 1. Let n(b) = 86*b**3 + 6*b**2 - 4*b - 8. Let i be 10/(-15) - (-15)/9. Let h(a) = i*n(a) - 6*s(a). What is the tens digit of h(1)?
9
Let y(i) = 16*i**2 - 8*i + 6. Let t be y(3). What is the units digit of 25/((-15)/t + (-2)/(-7))?
0
What is the thousands digit of -6 - (-1740 + -12 + -12)?
1
Let d = -33138 + 67713. What is the units digit of d?
5
Suppose -3*u - u - 11460 = -4*o, -5*o + u = -14313. Let q = o + -1480. Suppose 6*f - q = -116. What is the units digit of f?
1
Suppose -44346 = -4*k - 3*q - 16410, 5*q + 20952 = 3*k. What is the units digit of k?
4
Let s(p) = -2*p**3 - 139*p**2 + 212*p + 129. What is the ten thousands digit of s(-77)?
7
Suppose x - 2*h = -5*h + 9, -33 = -2*x - h. Suppose -x*p + 1112 + 778 = 0. What is the tens digit of p?
0
Let c be (-2)/(39/15 + -3) + 1307. What is the tens digit of (-3)/1 + c + (7 - 10)?
0
Let x(i) = -13*i**2 + 1 + 31*i**2 - 19*i**2 - 6*i. Let c be x(-5). Suppose -c*a - 219 + 747 = 0. What is the tens digit of a?
8
Suppose 2*d = 1210 + 874. Let z = d - 944. What is the tens digit of z?
9
Let h = 28019 + -17038. What is the ten thousands digit of h?
1
Suppose -477*l = 274*l - 242*l - 22252971. What is the tens digit of l?
1
Let t = 91 - 90. Let q(u) = -u**2 - 14*u - 17. Let n be q(-13). What is the units digit of (-5 - (n + t) - -2) + 89?
9
Let j = 10237 + -5496. What is the thousands digit of j?
4
Let j = 836 - 893. What is the units digit of 12046/j*(-1 + -2)?
4
Let i = 1561 - 198. Suppose i = 7*h + 222. What is the hundreds digit of h?
1
Suppose 3*o = -2*t + 84628, -9*o = -10*o - 2*t + 28200. What is the ten thousands digit of o?
2
Let g = 55 + -213. Let w = -95 - g. Suppose 3*r + 5*l - 236 + 53 = 0, l = -r + w. What is the units digit of r?
6
Let h = 2034 + -684. What is the tens digit of h?
5
Let s(r) = 388*r**2 - 453*r + 14. What is the hundreds digit of s(6)?
2
Suppose 0 = 64*r + 54407 - 366855. What is the thousands digit of r?
4
Suppose 475*t - 5*q = 478*t - 16238, 0 = -3*t + 4*q + 16256. What is the thousands digit of t?
5
Let a = 75 + -70. Suppose -a*r + 4*k = 0, -4*r - 3*k + 17 = -14. What is the units digit of (r - -3) + (3 - 4)?
6
Suppose 28119 = 965*j - 944*j. What is the thousands digit of j?
1
Suppose 33*o = 24*o + 27. Let r(y) = 11*y**2 + 8*y - 16. What is the hundreds digit of r(o)?
1
Let i be 3 + (-113)/(2*(-5)/290). Suppose -1019 = -4*r + 4*a + 1589, 0 = -5*r - 5*a + i. What is the tens digit of r?
5
Let j(g) = -7*g + 12. Let t = -37 - -62. Suppose 0 = -8*u + 13*u + t. What is the tens digit of j(u)?
4
Suppose -3*l - 1541 + 5809 = 2*r, -3*r - 7126 = -5*l. Let w = l - 605. What is the hundreds digit of w?
8
Let h(a) = a**3 - 15*a**2 - 34*a + 26. Let g be h(17). Let d = -50 - -33. Let v = g + d. What is the units digit of v?
9
Let a = 50 + -50. Let j(r) = 8*r + 44. Let v be j(9). Suppose a = -3*u + v + 256. What is the hundreds digit of u?
1
Suppose 26*b - 197590 + 48689 - 78131 = 0. What is the tens digit of b?
3
Let s = 658 + -658. Suppose -26*i = -s*i - 21008. What is the tens digit of i?
0
Let j = -6839 - -13935. Suppose 30*o = 17954 + j. What is the units digit of o?
5
Let y(x) = x**3 + 3*x**2 - x + 14. Let o be y(-4). Suppose -o*k - 3*k = 4*z - 2944, 5*k + 2*z - 2952 = 0. What is the tens digit of k?
9
Let z = -4 + 7. Let g(m) = 11*m**2 + m + 3. Let t(f) = 23*f**2 + f + 7. Let y(c) = 5*g(c) - 2*t(c). What is the units digit of y(z)?
1
Let j = -8 - -8. Suppose 4*l = -x + 5*x - 32, j = 3*x - l - 14. Suppose 4*q - o = 71, 4*q - x*o + 0*o = 61. What is the units digit of q?
9
Suppose 0 = 4*g - 2*t - 110, 4*t = 3*g - 2*g - 24. Suppose g*y - 6455 - 7713 = 0. What is the hundreds digit of y?
5
Let b(n) = 125*n**2 + 5*n - 1. What is the tens digit of b(2)?
0
Let p(x) = -x + 12. Let q = -96 + 103. Let f be p(q). Suppose -a + 3*a = j + 229, -f*a + 2*j + 572 = 0. What is the hundreds digit of a?
1
Suppose 2*x + 60 = 8*x. Suppose -2*w + 1350 = -x*r + 5*r, 4*w + 3*r - 2700 = 0. What is the tens digit of w?
7
Suppose h - 4*m = 6504, m = -4*h + 2*h + 12972. What is the units digit of h?
8
Let o = 105 - 109. Let x be (-6)/(-12) + 2 + 2/o. Suppose 4*b = 2*f + 1014, -x*b + 4*f = b - 758. What is the units digit of b?
4
Suppose -78 = -9*h - 60. Suppose -3*t + 4*p = -2094, 0 = -h*t - p - 88 + 1495. What is the tens digit of t?
0
Suppose -3*p + r = -4*r - 2710, 0 = 2*p + 5*r - 1765. Let b = p - 580. What is the tens digit of b?
1
Let d(o) = -o**3 - 13*o**2 + 141*o - 32. What is the hundreds digit of d(-23)?
0
Suppose 0 = d + 3*v + 11, -3*d - 24 + 46 = -2*v. Suppose -1076 = -2*h + 6*g - 4*g, 1106 = 2*h + d*g. What is the hundreds digit of h?
5
What is the hundreds digit of (-372)/(-18)*1*(-140343)/(-82)?
3
Suppose 0 = -5*q - 3*f + 58, -f = -2 + 1. Suppose -j - q*d + 739 = -12*d, -3*j + 5*d + 2217 = 0. What is the units digit of j?
9
Let g(a) = -168*a - 16. Suppose -12*p = 15 + 9. What is the hundreds digit of g(p)?
3
Let t be 2*(1 - 1/2*-235). Let s = t - 150. What is the units digit of s?
7
Let u(b) = -6*b - 9. Let f be u(-2). Suppose a = 2*j + f*j - 513, -j - 2*a + 96 = 0. What is the tens digit of j?
0
Suppose -5*n + 10*n - i = 1658, -n - 5*i = -316. What is the tens digit of n?
3
Let w be 67573/(-55) - (-2)/(-5). Let m = w - -2488. What is the thousands digit of m?
1
Suppose -11*u - 12 = -17*u. Suppose -2*i + 0 = 3*s - 4, 5*s - u*i - 28 = 0. Suppose 0 = -s*r + 1278 - 434. What is the tens digit of r?
1
Let c(y) = 3*y**2 - 28*y + 44. Let o be c(8). Suppose o*j - 17*j = -2235. What is the units digit of j?
7
Let f(s) = s**3 - 21*s**2 - s + 27. Let z be f(21). What is the tens digit of (39/26)/(z/1708)?
2
Suppose 22*s + 24 + 42 = 0. Let t(n) = n - 3. Let q be t(14). What is the units digit of q + 3/(-3) + s?
7
Let q be 24/(-16)*16/(-6). Let b(u) = 9 - 3*u - q*u + 3*u - 2*u. What is the units digit of b(-6)?
5
Suppose 23*o = 365430 + 56735. What is the tens digit of o?
5
Suppose 248753 = 2*v - 3*x, 5*v + 3*x - 7*x = 621872. What is the tens digit of v/295 + 2/5?
2
What is the tens digit of 1158/1351 - (-3)/(63/139800)?
5
Suppose 0 = -5*u - 3*f + 111303, f + 6 = 2. What is the hundreds digit of u?
2
Suppose 0 = 62*b - 229298 - 486492. What is the thousands digit of b?
1
Suppose 23*c - 66127 - 37511 = 0. What is the hundreds digit of c?
5
Suppose 0 = 13*a - 69 - 61. Let r(c) = c**2 + c + 4. Let j be r(-4). Suppose -a*u - 522 = -j*u. What is the units digit of u?
7
Suppose -5*c + 4*l = -6640, -4*c = -13*l + 12*l - 5301. Suppose o - 2621 = -2*s + 4*o, s = -3*o + c. What is the tens digit of s?
1
Let p be ((-24)/(-15))/((-18)/(-45)). Suppose 396 = p*c + 4*x, 5*c - x - x = 509. Suppose 2*k = c - 9. What is the tens digit of k?
4
Suppose 5*o - 4*v - 43398 = 270675, 3*o - 188454 = -v. What is the tens digit of o?
1
Let a(v) = 6 - 42 - 5*v**2 + 6*v**2 - 11*v. Let w be a(14). Suppose -q + h = -151, 0 = 3*h - 5*h - w. What is the tens digit of q?
4
Let k(h) = -3*h + 26. Let f be k(7). Suppose 5*c - 5*u - 40 = 0, -11 = f*u + 4. Let j(o) = o + 15. What is the tens digit of j(c)?
2
Let v(s) = 5*s - 23. Let j be v(5). Suppose -8 = 2*t, -3*u + 7*t + 275 = j*t. What is the tens digit of u?
8
Let z(t) = -t**2 - 8*t + 13. Let h be z(-9). Let d be (-1)/((h - 1)/9). Let w(q) = -33*q - 13. What is the units digit of w(d)?
6
Let t(s) = -7*s + 84. Let l be t(13). Let h(n) = -2*n + 212. What is the tens digit of h(l)?
2
Suppose 23*f - 1737259 = -606349. What is the ten thousands digit of f?
4
Suppose 0 = 5*y - 9*y - 32. Let l(s) = 2*s - 7 - 9*s - s - 16. What is the units digit of l(y)?
1
What is the tens digit of (-9128)/815*(3 + -166*3/1)?
4
Suppose 43*m - 2*g + 8 = 40*m, -3*m + 5*g - 20 = 0. Let n be (0 + -2)*(-778)/4. Suppose m = -3*t + n - 56. What is the hundreds digit of t?
1
Suppose -162 = 2*k - 268. What is the units digit of k/212 + (-2310)/(-8) + 0?
9
Let l = 160 - 158. What is the units digit of l + 324/(-10)*(-20)/3?
8
Let i = 96064 + -68031. What is the hundreds digit of i?
0
Suppose -8*b + 18199 = -42465. What is the hun